 Let h(w) = 8*w - 76. Let i(d) = 3*h(d) + 2*v(d). Give i(7).
6
Let y be (3/((-24)/(-4)))/((-2)/(-32)). Let o(s) = -2*s + y*s - 20 - 26 + 50. Give o(-3).
-14
Let w(k) = k**3 + 11*k**2 - 6*k + 64. Suppose 1884 = -5*q - 152*q. Determine w(q).
-8
Let v = 114 + -110. Let t(p) = -14*p + 4. Determine t(v).
-52
Let v be (1/(-3))/((-13)/195). Suppose v = -2*j - 3*j. Let o(d) = -5*d**2 - d. Give o(j).
-4
Let b(z) = -z**2 - 9*z - 4. Suppose -38 + 46 = -2*j. Let u(m) be the second derivative of m**4/6 + 7*m**3/6 - 9*m**2/2 - 2*m. Let h be u(j). Calculate b(h).
16
Let p(m) be the first derivative of -13 - 16*m - 1/6*m**3 - 5/2*m**2. Let n(g) be the first derivative of p(g). Calculate n(-7).
2
Let d(r) = -30*r - 4*r - 4*r + 426 + 37*r - 39*r. Determine d(11).
-14
Let s(p) = -2*p + 6. Let q = 343 + -343. Suppose -26*b + 78 + 26 = q. Give s(b).
-2
Let a(p) = p**2 + 6*p + 6. Let x(c) = 2*c**2 - 2*c + 1. Let g be x(1). Let w be g + 1*(-15)/3. Determine a(w).
-2
Let f(s) be the second derivative of s**4/12 + 13*s**3/6 + 8*s**2 + s - 1898. Let y = -40 - -27. Determine f(y).
16
Let u(j) = j**2 - j - 9. Let h be u(4). Let a(f) = 2900*f - 7 + 5*f**2 - 2900*f + f**3 + h. Give a(-5).
-4
Suppose -3*m + 8*m + 5*q + 10 = 0, 5*m - 2*q + 24 = 0. Let n(x) = 5*x**2 + 7*x + 7. Let p(f) = f**2 + 2*f + 1. Let o(j) = n(j) - 6*p(j). Determine o(m).
5
Let i(t) = 455 + 6*t**2 + 5*t - 5*t**2 - 456 + 0*t**2. Let r = -11 - -6. Calculate i(r).
-1
Suppose -40 = -14*f + 4*f. Suppose -3*u + f = u. Suppose 0 = -4*q + 11 + u. Let z(a) = a - 6. What is z(q)?
-3
Let t(f) be the second derivative of 66*f + 1/12*f**4 + 0 - 13/6*f**3 + f**2. Calculate t(8).
-38
Let t(r) be the first derivative of -4*r**2 - 6*r + 1410. Determine t(-1).
2
Let s(f) = 12 - 1 + f + 10 - 62. Determine s(0).
-41
Let a(u) be the first derivative of u**4/4 + 8*u**3/3 - 9*u**2 + 22*u + 5521. Calculate a(-10).
2
Let n(q) = 603*q**2 - 2402*q**2 - 27 + 37*q + 597*q**2 + 598*q**2 + 602*q**2. Calculate n(17).
24
Let z(x) = 121622*x**3 - 121555*x**3 - 2*x + x - 1 + 6*x - x**2 - 2*x. Give z(1).
68
Let k(a) be the third derivative of -a**6/720 - a**5/24 + a**4 - 5*a**3/6 + 5*a**2 - 2*a. Let u(c) be the second derivative of k(c). What is u(-11)?
6
Suppose -1242 = -49*z - 605. Let r(f) = f**3 - 12*f**2 - 24*f + 135. Determine r(z).
-8
Let y(i) be the third derivative of -i**4/8 + 463*i**2. Give y(-3).
9
Let r be (-13)/(-39) - (-220)/(-84) - (-2)/7. Let w(d) = 5*d - 18. What is w(r)?
-28
Let m(z) = -2*z**2 + 13*z + 11. Let s(p) = -p**2 + 7*p + 6. Let w(q) = -2*m(q) + 5*s(q). Let g(t) = -5*t**3 - 28*t**2 + 12*t + 7. Let k be g(-6). What is w(k)?
22
Let c(i) = -2*i**2 - 15*i + 9. Let s(y) = -193*y + 186. Let j be s(1). What is c(j)?
16
Suppose 2*y - 5*z + 0*z + 44 = 0, -8 = -z. Let u(d) = d**2 - 20*d - 40. Determine u(y).
4
Let g = 270 + -267. Let n(j) = -4*j**3 - j + 2*j**3 - 4*j - 1 + j**g + 4*j**2. Determine n(4).
-21
Let n(a) be the first derivative of a**4/4 + 8*a**3/3 + 3*a**2/2 - 6*a - 1422. Determine n(-7).
22
Let x(s) be the third derivative of s**6/60 - 37*s**5/60 - 3*s**4/4 - 13*s**3/3 - 1296*s**2. Determine x(19).
-7
Let f = -76 + 262. Let y = f + -280. Let w = y - -96. Let m(c) = -2*c**3 + c**2 + c + 1. Determine m(w).
-9
Let v(h) = -3*h - 6. Suppose -13*q - 125 = -10*q + 11*k, 2*q + 4 = 4*k. What is v(q)?
42
Let z(d) = -5*d**2 - 224*d - 390. Let q be z(-43). Let y(i) = 3*i + 4. Let x(j) = j**2 + j. Let v(s) = -2*x(s) - y(s). What is v(q)?
-7
Suppose -a + 57 = -3*r + 26, -5*r - 4*a - 46 = 0. Let u(q) = 7*q + 74. Give u(r).
4
Let q(b) = 8*b - 22. Let o be 12 + 119/(-34)*(-2 - -4) - 1. What is q(o)?
10
Let k = -2 + 0. Suppose 5*p + 4 = -4*s, 4*s - 3*p + 46 - 10 = 0. Let x(o) = o + 7. Let l(b) = -2*b - 9. Let d(c) = s*x(c) - 5*l(c). Determine d(k).
-5
Let i be (-606 + 607)*(6/(-2) - 1). Let n(c) = 5*c + 33. Give n(i).
13
Let p(o) = o**2 - 20*o + 69. Let z be p(16). Let g(b) = -3 + b - 2*b + z*b + 1. What is g(4)?
14
Let i(g) be the second derivative of -5*g**3/6 - 28*g**2 + 1300*g. Determine i(-10).
-6
Suppose 3*b = -0*b - 3*q + 9, 3*b - 2*q - 14 = 0. Suppose -z - 4*g = 22, -6*z + 3*z + b*g = 2. Let r(o) = -o**2 - 4*o + 1. Give r(z).
-11
Let c(z) = 3*z**2 - 15*z + 22. Let f be c(7). Let p(m) = -28*m - 1 - 28*m + f*m + 11 + m**2. Calculate p(-7).
3
Let g(k) = -4*k - 79. Suppose -6 = 5*i - 16, -3*n = 11*i + 41. Give g(n).
5
Let g = -22956 + 22956. Let w(a) = 3*a + 13. Let m(t) = 2*t + 9. Let l(p) = 8*m(p) - 5*w(p). Determine l(g).
7
Let d = 367 + -262. Let s be 10/(-4)*(-252)/d. Suppose s*l + 39 = -7*l. Let i(x) = x**2 + 3*x - 1. What is i(l)?
-1
Let n(s) = -4*s - 4 + 4. Let b = 112 - 112. Suppose 0 = -3*o + 7*o + 5*y + 19, o - 3*y - 8 = b. Determine n(o).
4
Let m = -440 + 446. Let y(f) = 2*f + 8*f**2 - 3*f - f**3 - 2*f**2. Give y(m).
-6
Let f(i) be the first derivative of -i**2/2 - 9*i - 16. Let l be f(-8). Let c(a) be the second derivative of -11*a**3/6 + a**2/2 + 9*a. Determine c(l).
12
Suppose 0 = -28*w + 29*w + l - 71, -5 = l. Suppose -5*t + 354 + 1 = 0. Let p = t - w. Let z(u) = u**2 + 6*u + 7. Give z(p).
2
Let c = -404 - -412. Let h(l) = 2*l - 14. Let v(b) = -7. Let k(z) = -10. Let f(j) = 5*k(j) - 7*v(j). Let q(s) = 4*f(s) - h(s). What is q(c)?
-6
Suppose -4*z + 24 + 40 = -2*d, -4*d - 136 = -4*z. Let m be (24/d + 10/6)/(-1). Let v(c) = 2*c**3 + 2*c**2 + c. Determine v(m).
-1
Let u(l) = l**3 + 6*l**2 + 5*l - 2. Let x be -16 + (7 - (-30)/5). Calculate u(x).
10
Suppose -47*z + 49*z = 4*f - 20, z + 7*f = 44. Let x(t) be the third derivative of 1/60*t**5 - 1/3*t**3 + 0*t + 0 - 25*t**z + 1/24*t**4. What is x(-3)?
4
Suppose 2*j = 4 - 8. Let a(b) = -1. Let n(s) = s + 6. Let d(v) = 4*a(v) + n(v). What is d(j)?
0
Suppose 0 = 12*j - 16*j + 76. Let d(s) = 30*s**2 - s - 3 - 16*s**2 - j*s**2 + s**3. What is d(3)?
-24
Let f(c) be the third derivative of 0 + c + 1/60*c**5 - 34*c**2 - 1/6*c**3 - 1/24*c**4. Determine f(-2).
5
Let b = 6902 - 6880. Let y(w) = 2*w - 9. What is y(b)?
35
Let j be 10 + (-1 - 0/(-5)). Suppose 4*z - 4*l = j + 19, -2*l - 10 = -z. Let h(n) be the third derivative of -n**5/60 + n**4/8 - n**3/3 + n**2. Calculate h(z).
-6
Let v(u) = 0*u**2 - 4*u**2 + 0*u**2 + 2*u**2 + 8 + 0 - 6*u. Calculate v(2).
-12
Let z(c) = 5*c**2 - 22*c + 21. Let l be z(3). Let f(h) be the third derivative of 5/24*h**4 + 1/2*h**3 + l - 19*h**2 + 0*h. Calculate f(-3).
-12
Let g(t) = -70*t**2 - 136*t + 3. Let q be g(-2). Let r(p) = p**3 + 4*p**2 - 9*p + 1. Give r(q).
21
Suppose 853*a - 931 = 804*a. Let w(f) = 28*f - 527. Calculate w(a).
5
Let p(l) = 5*l - 3. Suppose -15 = -2*c - 9. Let d be (-9)/6 - (-3 - c/6). Calculate p(d).
7
Let t(k) be the first derivative of k**4/4 - 3*k**3 - 7*k**2/2 + 41*k - 10566. What is t(7)?
-106
Let z = 9495 - 9496. Let j(s) = -72*s - 3. Give j(z).
69
Let j(b) = -363*b**2 - 2*b**3 - 360*b**2 + 714*b**2 + 4 + 8*b + 3*b**3. Determine j(7).
-38
Let u(c) = 7*c - 29. Suppose -13*j + 8*v = 7*v - 57, 0 = 2*v + 10. What is u(j)?
-1
Let o(w) = -9*w + 194. Let c(g) = -3*g + 64. Let l(j) = -8*c(j) + 3*o(j). Give l(22).
4
Let i(u) be the first derivative of u**4/4 + 7*u**3/3 + u**2 + 7*u + 11. Let w be ((-252)/(-54))/((-2)/3). Give i(w).
-7
Suppose 0 = -7*h - 1 - 41. Suppose -4*w = -16, 4*w + 19 + 9 = 4*o. Let d(a) = -1 + 1 + a - 2*a**2 - 8 - o*a. Give d(h).
-20
Let c = 1848 + -1853. Let s(g) = -g + 3 + 7*g - 4*g. Give s(c).
-7
Let n(m) = -m**2 + 11*m - 18. Let o be n(6). Let k = 18 - o. Let r be (2/3)/(-3*k/27). Let l(f) = 7*f**3 - f - 1. Calculate l(r).
-7
Let n(m) = -m**3 - 2*m**2 - 2*m - 1. Let d be 14 - (10 - 5) - (8 + (-1 - 1)). Calculate n(d).
-52
Let v(o) be the second derivative of -o**5/4 + o**4/6 + o**3/6 - o. Suppose 0 = 5*w + 3*h - 4 - 6, -2*w + 4*h + 30 = 0. Suppose 20*l = w - 25. Give v(l).
6
Let p(r) be the second derivative of -31*r**4/12 - r**3 - 5*r**2/2 - 1767*r. Give p(-1).
-30
Let n(r) = -4 - 1 + r - 6. Let b(h) be the first derivative of 2*h**2 - 88*h + 73. Let a be b(22). Determine n(a).
-11
Let n = -5 + 5. Let m(z) = -13*z + 159. Let l be m(12). Let v(h) = h**2 + 107 - 106 + h - 26*h**l + 25*h**3. Give v(n).
1
Let x(p) = -5*p - 11. Let t(a) = 3*a + 6. Let f(q) = -7*t(q) - 4*x(q). Let s = -372 - -374. Suppose 4*h + 16 = 0, u + u = -s*h - 12. Determine f(u).
4
Let x be 4*88/32 - (1 - (-6 - -3)). Let u(